
2, 41, 191
What are the prime factors of 2835?
3, 5, 7
List the prime factors of 10314.
2, 3, 191
What are the prime factors of 11502?
2, 3, 71
List the prime factors of 8203.
13, 631
List the prime factors of 50107.
89, 563
What are the prime factors of 3343?
3343
What are the prime factors of 12850?
2, 5, 257
List the prime factors of 478.
2, 239
What are the prime factors of 18805?
5, 3761
What are the prime factors of 14192?
2, 887
List the prime factors of 14772.
2, 3, 1231
What are the prime factors of 43?
43
List the prime factors of 21213.
3, 2357
What are the prime factors of 2023?
7, 17
List the prime factors of 5142.
2, 3, 857
List the prime factors of 14431.
14431
List the prime factors of 23388.
2, 3, 1949
List the prime factors of 942.
2, 3, 157
What are the prime factors of 7489?
7489
List the prime factors of 798.
2, 3, 7, 19
What are the prime factors of 12613?
12613
List the prime factors of 9419.
9419
List the prime factors of 350.
2, 5, 7
List the prime factors of 8851.
53, 167
List the prime factors of 1543.
1543
What are the prime factors of 6017?
11, 547
What are the prime factors of 349?
349
What are the prime factors of 10325?
5, 7, 59
What are the prime factors of 9599?
29, 331
List the prime factors of 9077.
29, 313
What are the prime factors of 1610?
2, 5, 7, 23
List the prime factors of 47122.
2, 23561
What are the prime factors of 273?
3, 7, 13
List the prime factors of 20244.
2, 3, 7, 241
List the prime factors of 76239.
3, 43, 197
What are the prime factors of 1726?
2, 863
What are the prime factors of 1801?
1801
List the prime factors of 5299.
7, 757
List the prime factors of 120031.
29, 4139
List the prime factors of 140340.
2, 3, 5, 2339
List the prime factors of 6236.
2, 1559
What are the prime factors of 12519?
3, 13, 107
What are the prime factors of 3326?
2, 1663
What are the prime factors of 53670?
2, 3, 5, 1789
List the prime factors of 90761.
11, 37, 223
What are the prime factors of 32673?
3, 10891
List the prime factors of 1193.
1193
What are the prime factors of 16029?
3, 13, 137
What are the prime factors of 2992?
2, 11, 17
What are the prime factors of 4151?
7, 593
List the prime factors of 2692.
2, 673
What are the prime factors of 4430?
2, 5, 443
What are the prime factors of 3860?
2, 5, 193
List the prime factors of 7867.
7867
List the prime factors of 5156.
2, 1289
List the prime factors of 22962.
2, 3, 43, 89
What are the prime factors of 3299?
3299
What are the prime factors of 5713?
29, 197
What are the prime factors of 1667?
1667
What are the prime factors of 1439?
1439
What are the prime factors of 1435?
5, 7, 41
List the prime factors of 347.
347
What are the prime factors of 59576?
2, 11, 677
List the prime factors of 75487.
19, 29, 137
What are the prime factors of 9946?
2, 4973
What are the prime factors of 8865?
3, 5, 197
What are the prime factors of 6035?
5, 17, 71
List the prime factors of 6674.
2, 47, 71
List the prime factors of 2117.
29, 73
List the prime factors of 23077.
47, 491
List the prime factors of 4313.
19, 227
What are the prime factors of 1064?
2, 7, 19
List the prime factors of 1588.
2, 397
List the prime factors of 121.
11
What are the prime factors of 14246?
2, 17, 419
What are the prime factors of 74661?
3, 41, 607
What are the prime factors of 3925?
5, 157
List the prime factors of 50838.
2, 3, 37, 229
What are the prime factors of 35619?
3, 31, 383
List the prime factors of 3257.
3257
What are the prime factors of 5719?
7, 19, 43
What are the prime factors of 4825?
5, 193
What are the prime factors of 305?
5, 61
List the prime factors of 17276.
2, 7, 617
What are the prime factors of 306?
2, 3, 17
List the prime factors of 18712.
2, 2339
List the prime factors of 1430.
2, 5, 11, 13
List the prime factors of 1462.
2, 17, 43
List the prime factors of 65535.
3, 5, 17, 257
What are the prime factors of 36436?
2, 9109
List the prime factors of 521.
521
List the prime factors of 50292.
2, 3, 11, 127
What are the prime factors of 4135?
5, 827
List the prime factors of 1059.
3, 353
List the prime factors of 20712.
2, 3, 863
List the prime factors of 122.
2, 61
What are the prime factors of 13559?
7, 13, 149
List the prime factors of 81724.
2, 20431
List the prime factors of 625.
5
What are the prime factors of 50536?
2, 6317
List the prime factors of 29937.
3, 17, 587
List the prime factors of 56.
2, 7
List the prime factors of 943.
23, 41
What are the prime factors of 7475?
5, 13, 23
What are the prime factors of 43023?
3, 14341
List the prime factors of 3179.
11, 17
What are the prime factors of 27785?
5, 5557
List the prime factors of 988.
2, 13, 19
What are the prime factors of 2250?
2, 3, 5
List the prime factors of 487.
487
List the prime factors of 70422.
2, 3, 11, 97
What are the prime factors of 15895?
5, 11, 17
What are the prime factors of 74393?
11, 6763
What are the prime factors of 663?
3, 13, 17
List the prime factors of 26498.
2, 13249
What are the prime factors of 110331?
3, 13, 23, 41
List the prime factors of 862.
2, 431
List the prime factors of 5312.
2, 83
What are the prime factors of 86531?
86531
What are the prime factors of 49948?
2, 12487
List the prime factors of 14810.
2, 5, 1481
List the prime factors of 36793.
36793
List the prime factors of 25921.
7, 23
List the prime factors of 71629.
83, 863
List the prime factors of 13915.
5, 11, 23
List the prime factors of 40964.
2, 7, 11, 19
List the prime factors of 2898.
2, 3, 7, 23
What are the prime factors of 966?
2, 3, 7, 23
List the prime factors of 105066.
2, 3, 13, 449
List the prime factors of 126572.
2, 31643
List the prime factors of 998.
2, 499
List the prime factors of 3516.
2, 3, 293
What are the prime factors of 59944?
2, 59, 127
What are the prime factors of 919?
919
What are the prime factors of 998?
2, 499
List the prime factors of 9045.
3, 5, 67
What are the prime factors of 603?
3, 67
List the prime factors of 4137.
3, 7, 197
What are the prime factors of 2927?
2927
What are the prime factors of 4105?
5, 821
List the prime factors of 37093.
7, 757
List the prime factors of 13886.
2, 53, 131
List the prime factors of 20875.
5, 167
What are the prime factors of 107958?
2, 3, 19, 947
What are the prime factors of 708?
2, 3, 59
List the prime factors of 10203.
3, 19, 179
What are the prime factors of 24454?
2, 12227
List the prime factors of 20860.
2, 5, 7, 149
What are the prime factors of 848?
2, 53
List the prime factors of 16164.
2, 3, 449
What are the prime factors of 157569?
3, 53, 991
What are the prime factors of 13690?
2, 5, 37
What are the prime factors of 2817?
3, 313
What are the prime factors of 126609?
3, 7, 6029
What are the prime factors of 26376?
2, 3, 7, 157
List the prime factors of 7016.
2, 877
What are the prime factors of 1976?
2, 13, 19
What are the prime factors of 4388?
2, 1097
What are the prime factors of 1129?
1129
What are the prime factors of 5138?
2, 7, 367
List the prime factors of 17419.
17419
What are the prime factors of 18055?
5, 23, 157
List the prime factors of 41482.
2, 7, 2963
What are the prime factors of 4?
2
What are the prime factors of 2242?
2, 19, 59
List the prime factors of 5966.
2, 19, 157
List the prime factors of 764.
2, 191
List the prime factors of 1593.
3, 59
List the prime factors of 64285.
5, 13, 23, 43
List the prime factors of 30607.
127, 241
What are the prime factors of 4255?
5, 23, 37
What are the prime factors of 1276?
2, 11, 29
List the prime factors of 829.
829
What are the prime factors of 25814?
2, 12907
What are the prime factors of 5372?
2, 17, 79
List the prime factors of 2273.
2273
List the prime factors of 10739.
10739
List the prime factors of 1391.
13, 107
What are the prime factors of 5623?
5623
What are the prime factors of 34175?
5, 1367
What are the prime factors of 93282?
2, 3, 7, 2221
List the prime factors of 5207.
41, 127
List the prime factors of 44175.
3, 5, 19, 31
What are the prime factors of 4590?
2, 3, 5, 17
What are the prime factors of 47347?
113, 419
List the prime factors of 3562.
2, 13, 137
What are the prime factors of 2319?
3, 773
What are the prime factors of 19750?
2, 5, 79
What are the prime factors of 27253?
27253
What are the prime factors of 50852?
2, 12713
List the prime factor